{"id":2823,"date":"2019-10-05T14:56:42","date_gmt":"2019-10-05T12:56:42","guid":{"rendered":"https:\/\/broadway-station.com\/?page_id=2823"},"modified":"2024-03-03T10:59:49","modified_gmt":"2024-03-03T09:59:49","slug":"accueil","status":"publish","type":"page","link":"https:\/\/broadway-station.com\/","title":{"rendered":"Accueil*"},"content":{"rendered":"<p>[et_pb_section fb_built=\u00a0\u00bb1&Prime; admin_label=\u00a0\u00bbSection\u00a0\u00bb _builder_version=\u00a0\u00bb4.16&Prime; min_height=\u00a0\u00bb2042px\u00a0\u00bb custom_margin=\u00a0\u00bb||120px|||\u00a0\u00bb custom_padding=\u00a0\u00bb0|0px|356px|0px|false|false\u00a0\u00bb global_colors_info=\u00a0\u00bb{}\u00a0\u00bb][et_pb_row _builder_version=\u00a0\u00bb4.16&Prime; custom_padding=\u00a0\u00bb|||133px||\u00a0\u00bb global_colors_info=\u00a0\u00bb{}\u00a0\u00bb][et_pb_column type=\u00a0\u00bb4_4&Prime; _builder_version=\u00a0\u00bb4.16&Prime; global_colors_info=\u00a0\u00bb{}\u00a0\u00bb][et_pb_image src=\u00a0\u00bbhttps:\/\/broadway-station.com\/wp-content\/uploads\/2019\/02\/broadway-station-logo.png\u00a0\u00bb alt=\u00a0\u00bbLogo de Broadway Station\u00a0\u00bb _builder_version=\u00a0\u00bb4.16&Prime; width=\u00a0\u00bb70.7%\u00a0\u00bb custom_margin=\u00a0\u00bb|142px|9px|57px||\u00a0\u00bb custom_padding=\u00a0\u00bb|||54px||\u00a0\u00bb global_colors_info=\u00a0\u00bb{}\u00a0\u00bb][\/et_pb_image][\/et_pb_column][\/et_pb_row][et_pb_row column_structure=\u00a0\u00bb1_2,1_2&Prime; admin_label=\u00a0\u00bbBloc 2 zones\u00a0\u00bb _builder_version=\u00a0\u00bb4.16&Prime; custom_margin=\u00a0\u00bb|auto||226px||\u00a0\u00bb custom_padding=\u00a0\u00bb0|0px|50px|0px|false|false\u00a0\u00bb global_colors_info=\u00a0\u00bb{}\u00a0\u00bb][et_pb_column type=\u00a0\u00bb1_2&Prime; _builder_version=\u00a0\u00bb4.16&Prime; custom_padding=\u00a0\u00bb|||\u00a0\u00bb global_colors_info=\u00a0\u00bb{}\u00a0\u00bb custom_padding__hover=\u00a0\u00bb|||\u00a0\u00bb][et_pb_image src=\u00a0\u00bbhttps:\/\/broadway-station.com\/wp-content\/uploads\/2019\/03\/Affiche-1.jpg\u00a0\u00bb alt=\u00a0\u00bbAffiche Broadway Station\u00a0\u00bb title_text=\u00a0\u00bbAffiche Broadway Station\u00a0\u00bb align_tablet=\u00a0\u00bbcenter\u00a0\u00bb align_phone=\u00a0\u00bb\u00a0\u00bb align_last_edited=\u00a0\u00bbon|desktop\u00a0\u00bb admin_label=\u00a0\u00bbImage &#8211; L&rsquo;ensemble Broadway Station\u00a0\u00bb _builder_version=\u00a0\u00bb4.16&Prime; custom_margin=\u00a0\u00bb|0px|0px|\u00a0\u00bb custom_padding=\u00a0\u00bb42px|0px||||\u00a0\u00bb border_radii=\u00a0\u00bbon|10px|10px|10px|10px\u00a0\u00bb global_colors_info=\u00a0\u00bb{}\u00a0\u00bb][\/et_pb_image][\/et_pb_column][et_pb_column type=\u00a0\u00bb1_2&Prime; _builder_version=\u00a0\u00bb4.16&Prime; custom_padding=\u00a0\u00bb|||\u00a0\u00bb global_colors_info=\u00a0\u00bb{}\u00a0\u00bb custom_padding__hover=\u00a0\u00bb|||\u00a0\u00bb][et_pb_text admin_label=\u00a0\u00bbTexte &#8211; Pr\u00e9sentation Broadway Station\u00a0\u00bb _builder_version=\u00a0\u00bb4.16&Prime; text_font=\u00a0\u00bbOpen Sans||||||||\u00a0\u00bb text_text_color=\u00a0\u00bb#222222&Prime; header_font=\u00a0\u00bb||||||||\u00a0\u00bb custom_margin=\u00a0\u00bb20px|||0px\u00a0\u00bb custom_padding=\u00a0\u00bb|||0px\u00a0\u00bb global_colors_info=\u00a0\u00bb{}\u00a0\u00bb]<\/p>\n<h3><em><\/em><\/h3>\n<h3><em><\/em><\/h3>\n<h3><em><\/em><\/h3>\n<h3><em><\/em><\/h3>\n<h3><em><\/em><\/h3>\n<h3><em><\/em><\/h3>\n<h3><em><\/em><\/h3>\n<h3><em><\/em><\/h3>\n<h3><em><\/em><\/h3>\n<h3><em><\/em><\/h3>\n<h3><em><\/em><\/h3>\n<h3><em><\/em><\/h3>\n<h3><em><\/em><\/h3>\n<h3><em><\/em><\/h3>\n<h3><em><\/em><\/h3>\n<h3><em><\/em><\/h3>\n<h3><em><\/em><\/h3>\n<h3><em><\/em><\/h3>\n<h3><em><\/em><\/h3>\n<h3><em><\/em><\/h3>\n<h3><em><\/em><\/h3>\n<h3><em>Bonjour !\u00a0<\/em><\/h3>\n<p><em>Nous sommes un sextet lyonnais constitu\u00e9 de <strong><a href=\"https:\/\/broadway-station.com\/videos\/\">deux chanteurs et d\u2019un jazz quartet<\/a>\u00a0<\/strong>(piano, guitare, contrebasse, batterie). Notre r\u00e9pertoire s&rsquo;articule autour <strong>des grands classiques <\/strong>du r\u00e9pertoire am\u00e9ricain, dans lequel <strong>Streisand et Sinatra <\/strong>sont \u00e0 l&rsquo;honneur.<\/em><\/p>\n<p><em>Nous nous produisons <a href=\"https:\/\/broadway-station.com\/contact\/\"><strong>\u00e0 la carte<\/strong><\/a>, en grande ou petite formation, pour des <strong>\u00e9v\u00e9nements culturels<\/strong>, des <strong>festivals<\/strong> ou encore des<strong> concerts priv\u00e9s<\/strong>.<\/em><\/p>\n<p><em>Au gr\u00e9 de nos projets artistiques, <strong>spectacles musicaux<\/strong> ou <a href=\"https:\/\/broadway-station.com\/repertoire\/\"><strong>concerts<\/strong><\/a>, nous accueillons des musiciens, des chor\u00e9graphes ou des metteurs en sc\u00e8ne.<\/em><\/p>\n<p><em>Rendez-vous <a href=\"https:\/\/broadway-station.com\/presentation\/\">Page Broadway Station<\/a> !<\/em><\/p>\n<p><em>Vocalement V\u00f4tre,<\/em><\/p>\n<p>&nbsp;<\/p>\n<p>&nbsp;<\/p>\n<p>[\/et_pb_text][\/et_pb_column][\/et_pb_row][et_pb_row admin_label=\u00a0\u00bbBloc 1 zone\u00a0\u00bb _builder_version=\u00a0\u00bb4.16&Prime; custom_padding=\u00a0\u00bb0|3px|0|0|false|false\u00a0\u00bb global_colors_info=\u00a0\u00bb{}\u00a0\u00bb][et_pb_column type=\u00a0\u00bb4_4&Prime; _builder_version=\u00a0\u00bb4.16&Prime; custom_padding=\u00a0\u00bb|||\u00a0\u00bb global_colors_info=\u00a0\u00bb{}\u00a0\u00bb custom_padding__hover=\u00a0\u00bb|||\u00a0\u00bb][et_pb_divider _builder_version=\u00a0\u00bb4.16&Prime; global_colors_info=\u00a0\u00bb{}\u00a0\u00bb][\/et_pb_divider][et_pb_text admin_label=\u00a0\u00bbTexte &#8211; Pr\u00e9sentation Broadway Station\u00a0\u00bb _builder_version=\u00a0\u00bb4.16&Prime; text_font=\u00a0\u00bbOpen Sans||||||||\u00a0\u00bb text_text_color=\u00a0\u00bb#222222&Prime; header_font=\u00a0\u00bb||||||||\u00a0\u00bb custom_padding=\u00a0\u00bb0px|0px||0px||true\u00a0\u00bb global_colors_info=\u00a0\u00bb{}\u00a0\u00bb]<\/p>\n<h3><em><\/em><\/h3>\n<p>Broadway est le berceau des <strong>com\u00e9dies musicales am\u00e9ricaines<\/strong>, une source in\u00e9puisable de <strong>standards de jazz<\/strong> et qui en plus, est le terrain de jeu incontournable des jazzmen du monde entier. C\u2019est l\u00e0, que\u00a0l&rsquo;<strong><a href=\"https:\/\/broadway-station.com\/presentation\/\">Ensemble Broadway Station<\/a>\u00a0<\/strong>vous emm\u00e8ne.<\/p>\n<p>\u00c0 la cl\u00e9 <strong>une<\/strong> <strong>rencontre vocale qui n\u2019a jamais eu lieu<\/strong> sur sc\u00e8ne, celle de Frank Sinatra et Barbra Streisand et qui s\u2019av\u00e8re pourtant indispensable, celle de la star au firmament, la seule qui m\u00e9rite le surnom de \u201cThe voice\u201d : <strong>Frank Sinatra<\/strong> et l\u2019une des plus grandes interpr\u00e8tes de notre temps <strong>Barbra Streisand<\/strong>, une voix aussi et quelle voix !<\/p>\n<p>Des <a href=\"https:\/\/broadway-station.com\/l-ensemble-broadway-station\/\">musiciens<\/a> solides conduits par <strong>Joachim Expert<\/strong> se r\u00e9galent \u00e0 la reprise de <strong>leurs titres les plus embl\u00e9matiques <\/strong>et accompagnent ce duo de chanteurs qui va au-del\u00e0 de l\u2019habituel \u201ccover\u201d.<\/p>\n<p><strong>St\u00e9phanie Morales<\/strong> est habit\u00e9e par Barbra,\u00a0<em>Memory, Papa\u00a0Can You Here Me\u00a0?<\/em><\/p>\n<p>Et <strong>Fr\u00e9d\u00e9ric Gignoux<\/strong>\u00a0est Le crooner qu\u2019il fallait pour les reprises incontournables de\u00a0<em>My Way<\/em>\u00a0ou\u00a0<em>Strangers In The Night<\/em>.<\/p>\n<p>Allez-y les yeux ferm\u00e9s vous verrez une pluie d\u2019\u00e9toiles\u2026<\/p>\n<p><a href=\"https:\/\/www.jazz-rhone-alpes.com\/180810-broadway-station-au-domaine-du-baron-de-lecluse\/\"><strong><em>Jazz-Rh\u00f4ne-Alpes<\/em><\/strong><\/a><\/p>\n<h3><em><\/em><\/h3>\n<h3><em><\/em><\/h3>\n<p><em><\/em><\/p>\n<p>[\/et_pb_text][et_pb_video src=\u00a0\u00bbhttps:\/\/broadway-station.com\/wp-content\/uploads\/2019\/03\/Jazz-Ensemble_Trim.mp4&Prime; admin_label=\u00a0\u00bbVid\u00e9o &#8211; Le groupe\u00a0\u00bb _builder_version=\u00a0\u00bb4.16&Prime; custom_margin=\u00a0\u00bb||\u00a0\u00bb global_colors_info=\u00a0\u00bb{}\u00a0\u00bb][\/et_pb_video][\/et_pb_column][\/et_pb_row][\/et_pb_section][et_pb_section fb_built=\u00a0\u00bb1&Prime; _builder_version=\u00a0\u00bb4.16&Prime; min_height=\u00a0\u00bb190px\u00a0\u00bb custom_margin=\u00a0\u00bb2px||-251px|||\u00a0\u00bb custom_padding=\u00a0\u00bb0px|||||\u00a0\u00bb global_colors_info=\u00a0\u00bb{}\u00a0\u00bb][\/et_pb_section][et_pb_section fb_built=\u00a0\u00bb1&Prime; admin_label=\u00a0\u00bbBloc Footer\u00a0\u00bb module_class=\u00a0\u00bbfooter\u00a0\u00bb _builder_version=\u00a0\u00bb4.17.0&Prime; background_color=\u00a0\u00bb#FFFFFF\u00a0\u00bb max_width=\u00a0\u00bb99%\u00a0\u00bb min_height=\u00a0\u00bb193px\u00a0\u00bb height=\u00a0\u00bb204px\u00a0\u00bb max_height=\u00a0\u00bb176px\u00a0\u00bb custom_margin=\u00a0\u00bb-127px|||||\u00a0\u00bb custom_padding=\u00a0\u00bb0px|0px|30px|0px|false|false\u00a0\u00bb global_module=\u00a0\u00bb733&Prime; saved_tabs=\u00a0\u00bball\u00a0\u00bb collapsed=\u00a0\u00bboff\u00a0\u00bb global_colors_info=\u00a0\u00bb{}\u00a0\u00bb][et_pb_row _builder_version=\u00a0\u00bb4.17.0&Prime; _module_preset=\u00a0\u00bbdefault\u00a0\u00bb global_colors_info=\u00a0\u00bb{}\u00a0\u00bb][et_pb_column type=\u00a0\u00bb4_4&Prime; _builder_version=\u00a0\u00bb4.17.0&Prime; _module_preset=\u00a0\u00bbdefault\u00a0\u00bb global_colors_info=\u00a0\u00bb{}\u00a0\u00bb][et_pb_accordion _builder_version=\u00a0\u00bb4.17.0&Prime; _module_preset=\u00a0\u00bbdefault\u00a0\u00bb global_colors_info=\u00a0\u00bb{}\u00a0\u00bb][\/et_pb_accordion][\/et_pb_column][\/et_pb_row][\/et_pb_section]<\/p>\n","protected":false},"excerpt":{"rendered":"<p>Bonjour !\u00a0 Nous sommes un sextet lyonnais constitu\u00e9 de deux chanteurs et d\u2019un jazz quartet\u00a0(piano, guitare, contrebasse, batterie). Notre r\u00e9pertoire s&rsquo;articule autour des grands classiques du r\u00e9pertoire am\u00e9ricain, dans lequel Streisand et Sinatra sont \u00e0 l&rsquo;honneur. Nous nous produisons \u00e0 la carte, en grande ou petite formation, pour des \u00e9v\u00e9nements culturels, des festivals ou encore [&hellip;]<\/p>\n","protected":false},"author":1,"featured_media":0,"parent":0,"menu_order":0,"comment_status":"closed","ping_status":"closed","template":"","meta":{"_et_pb_use_builder":"on","_et_pb_old_content":"","_et_gb_content_width":"","footnotes":""},"class_list":["post-2823","page","type-page","status-publish","hentry"],"yoast_head":"<!-- This site is optimized with the Yoast SEO plugin v26.8 - https:\/\/yoast.com\/product\/yoast-seo-wordpress\/ -->\n<title>Broadway Station - Accueil* : Groupe de jazz Lyonnais<\/title>\n<meta name=\"description\" content=\"D\u00e9couvrez le groupe de Jazz Broadway Station. Revivez les meilleurs titres de Barbra Streisand et Franck Sinatra au travers de ce groupe de Jazz Lyonnais.\" \/>\n<meta name=\"robots\" content=\"index, follow, max-snippet:-1, max-image-preview:large, max-video-preview:-1\" \/>\n<link rel=\"canonical\" href=\"https:\/\/broadway-station.com\/\" \/>\n<meta property=\"og:locale\" content=\"fr_FR\" \/>\n<meta property=\"og:type\" content=\"article\" \/>\n<meta property=\"og:title\" content=\"Broadway Station - Accueil* : Groupe de jazz Lyonnais\" \/>\n<meta property=\"og:description\" content=\"D\u00e9couvrez le groupe de Jazz Broadway Station. Revivez les meilleurs titres de Barbra Streisand et Franck Sinatra au travers de ce groupe de Jazz Lyonnais.\" \/>\n<meta property=\"og:url\" content=\"https:\/\/broadway-station.com\/\" \/>\n<meta property=\"og:site_name\" content=\"Broadway Station\" \/>\n<meta property=\"article:publisher\" content=\"https:\/\/www.facebook.com\/broadwaystationjazz\/\" \/>\n<meta property=\"article:modified_time\" content=\"2024-03-03T09:59:49+00:00\" \/>\n<meta name=\"twitter:card\" content=\"summary_large_image\" \/>\n<meta name=\"twitter:label1\" content=\"Dur\u00e9e de lecture estim\u00e9e\" \/>\n\t<meta name=\"twitter:data1\" content=\"4 minutes\" \/>\n<script type=\"application\/ld+json\" class=\"yoast-schema-graph\">{\"@context\":\"https:\/\/schema.org\",\"@graph\":[{\"@type\":\"WebPage\",\"@id\":\"https:\/\/broadway-station.com\/\",\"url\":\"https:\/\/broadway-station.com\/\",\"name\":\"Broadway Station - Accueil* : Groupe de jazz Lyonnais\",\"isPartOf\":{\"@id\":\"https:\/\/broadway-station.com\/#website\"},\"datePublished\":\"2019-10-05T12:56:42+00:00\",\"dateModified\":\"2024-03-03T09:59:49+00:00\",\"description\":\"D\u00e9couvrez le groupe de Jazz Broadway Station. Revivez les meilleurs titres de Barbra Streisand et Franck Sinatra au travers de ce groupe de Jazz Lyonnais.\",\"breadcrumb\":{\"@id\":\"https:\/\/broadway-station.com\/#breadcrumb\"},\"inLanguage\":\"fr-FR\",\"potentialAction\":[{\"@type\":\"ReadAction\",\"target\":[\"https:\/\/broadway-station.com\/\"]}]},{\"@type\":\"BreadcrumbList\",\"@id\":\"https:\/\/broadway-station.com\/#breadcrumb\",\"itemListElement\":[{\"@type\":\"ListItem\",\"position\":1,\"name\":\"Accueil\",\"item\":\"https:\/\/broadway-station.com\/\"},{\"@type\":\"ListItem\",\"position\":2,\"name\":\"Accueil*\"}]},{\"@type\":\"WebSite\",\"@id\":\"https:\/\/broadway-station.com\/#website\",\"url\":\"https:\/\/broadway-station.com\/\",\"name\":\"Broadway Station\",\"description\":\"\",\"potentialAction\":[{\"@type\":\"SearchAction\",\"target\":{\"@type\":\"EntryPoint\",\"urlTemplate\":\"https:\/\/broadway-station.com\/?s={search_term_string}\"},\"query-input\":{\"@type\":\"PropertyValueSpecification\",\"valueRequired\":true,\"valueName\":\"search_term_string\"}}],\"inLanguage\":\"fr-FR\"}]}<\/script>\n<!-- \/ Yoast SEO plugin. -->","yoast_head_json":{"title":"Broadway Station - Accueil* : Groupe de jazz Lyonnais","description":"D\u00e9couvrez le groupe de Jazz Broadway Station. Revivez les meilleurs titres de Barbra Streisand et Franck Sinatra au travers de ce groupe de Jazz Lyonnais.","robots":{"index":"index","follow":"follow","max-snippet":"max-snippet:-1","max-image-preview":"max-image-preview:large","max-video-preview":"max-video-preview:-1"},"canonical":"https:\/\/broadway-station.com\/","og_locale":"fr_FR","og_type":"article","og_title":"Broadway Station - Accueil* : Groupe de jazz Lyonnais","og_description":"D\u00e9couvrez le groupe de Jazz Broadway Station. Revivez les meilleurs titres de Barbra Streisand et Franck Sinatra au travers de ce groupe de Jazz Lyonnais.","og_url":"https:\/\/broadway-station.com\/","og_site_name":"Broadway Station","article_publisher":"https:\/\/www.facebook.com\/broadwaystationjazz\/","article_modified_time":"2024-03-03T09:59:49+00:00","twitter_card":"summary_large_image","twitter_misc":{"Dur\u00e9e de lecture estim\u00e9e":"4 minutes"},"schema":{"@context":"https:\/\/schema.org","@graph":[{"@type":"WebPage","@id":"https:\/\/broadway-station.com\/","url":"https:\/\/broadway-station.com\/","name":"Broadway Station - Accueil* : Groupe de jazz Lyonnais","isPartOf":{"@id":"https:\/\/broadway-station.com\/#website"},"datePublished":"2019-10-05T12:56:42+00:00","dateModified":"2024-03-03T09:59:49+00:00","description":"D\u00e9couvrez le groupe de Jazz Broadway Station. Revivez les meilleurs titres de Barbra Streisand et Franck Sinatra au travers de ce groupe de Jazz Lyonnais.","breadcrumb":{"@id":"https:\/\/broadway-station.com\/#breadcrumb"},"inLanguage":"fr-FR","potentialAction":[{"@type":"ReadAction","target":["https:\/\/broadway-station.com\/"]}]},{"@type":"BreadcrumbList","@id":"https:\/\/broadway-station.com\/#breadcrumb","itemListElement":[{"@type":"ListItem","position":1,"name":"Accueil","item":"https:\/\/broadway-station.com\/"},{"@type":"ListItem","position":2,"name":"Accueil*"}]},{"@type":"WebSite","@id":"https:\/\/broadway-station.com\/#website","url":"https:\/\/broadway-station.com\/","name":"Broadway Station","description":"","potentialAction":[{"@type":"SearchAction","target":{"@type":"EntryPoint","urlTemplate":"https:\/\/broadway-station.com\/?s={search_term_string}"},"query-input":{"@type":"PropertyValueSpecification","valueRequired":true,"valueName":"search_term_string"}}],"inLanguage":"fr-FR"}]}},"_links":{"self":[{"href":"https:\/\/broadway-station.com\/index.php?rest_route=\/wp\/v2\/pages\/2823","targetHints":{"allow":["GET"]}}],"collection":[{"href":"https:\/\/broadway-station.com\/index.php?rest_route=\/wp\/v2\/pages"}],"about":[{"href":"https:\/\/broadway-station.com\/index.php?rest_route=\/wp\/v2\/types\/page"}],"author":[{"embeddable":true,"href":"https:\/\/broadway-station.com\/index.php?rest_route=\/wp\/v2\/users\/1"}],"replies":[{"embeddable":true,"href":"https:\/\/broadway-station.com\/index.php?rest_route=%2Fwp%2Fv2%2Fcomments&post=2823"}],"version-history":[{"count":37,"href":"https:\/\/broadway-station.com\/index.php?rest_route=\/wp\/v2\/pages\/2823\/revisions"}],"predecessor-version":[{"id":3275,"href":"https:\/\/broadway-station.com\/index.php?rest_route=\/wp\/v2\/pages\/2823\/revisions\/3275"}],"wp:attachment":[{"href":"https:\/\/broadway-station.com\/index.php?rest_route=%2Fwp%2Fv2%2Fmedia&parent=2823"}],"curies":[{"name":"wp","href":"https:\/\/api.w.org\/{rel}","templated":true}]}}