{"id":144,"date":"2019-02-04T00:22:13","date_gmt":"2019-02-03T23:22:13","guid":{"rendered":"https:\/\/broadway-station.com\/?page_id=144"},"modified":"2019-03-17T13:12:20","modified_gmt":"2019-03-17T12:12:20","slug":"contact","status":"publish","type":"page","link":"https:\/\/broadway-station.com\/?page_id=144","title":{"rendered":"Contact"},"content":{"rendered":"<p>[et_pb_section fb_built=\u00a0\u00bb1&Prime; admin_label=\u00a0\u00bbContenu page &#8211; Contact\u00a0\u00bb _builder_version=\u00a0\u00bb3.19.18&Prime; custom_padding=\u00a0\u00bb0|0px|0|0px|false|false\u00a0\u00bb][et_pb_row custom_padding=\u00a0\u00bb30px|0px|50px|0px|false|false\u00a0\u00bb admin_label=\u00a0\u00bbSection titre &#8211; Contact\u00a0\u00bb _builder_version=\u00a0\u00bb3.19.18&Prime; module_alignment=\u00a0\u00bbcenter\u00a0\u00bb custom_css_main_element=\u00a0\u00bbtext-align:center;\u00a0\u00bb][et_pb_column type=\u00a0\u00bb4_4&Prime; _builder_version=\u00a0\u00bb3.19.18&Prime;][et_pb_text admin_label=\u00a0\u00bbTitre &#8211; Contact\u00a0\u00bb _builder_version=\u00a0\u00bb3.20.1&Prime; text_font=\u00a0\u00bbLemonMilk|500|||||||\u00a0\u00bb text_text_color=\u00a0\u00bb#222222&Prime; text_font_size=\u00a0\u00bb35px\u00a0\u00bb text_letter_spacing=\u00a0\u00bb3px\u00a0\u00bb text_line_height=\u00a0\u00bb1em\u00a0\u00bb header_font=\u00a0\u00bbLemonMilk|500|||||||\u00a0\u00bb header_text_align=\u00a0\u00bbcenter\u00a0\u00bb header_text_color=\u00a0\u00bb#000000&Prime; header_font_size_phone=\u00a0\u00bb17px\u00a0\u00bb header_font_size_last_edited=\u00a0\u00bbon|phone\u00a0\u00bb background_image=\u00a0\u00bbhttps:\/\/broadway-station.com\/wp-content\/uploads\/2019\/03\/encart-contact.png\u00a0\u00bb custom_padding=\u00a0\u00bb60px|2vw|16px|5vw|false|false\u00a0\u00bb custom_padding_tablet=\u00a0\u00bb||4vh|\u00a0\u00bb custom_padding_phone=\u00a0\u00bb||5vh|\u00a0\u00bb custom_padding_last_edited=\u00a0\u00bbon|phone\u00a0\u00bb custom_css_main_element=\u00a0\u00bbdisplay:inline-block;||background-size:contain;\u00a0\u00bb]<\/p>\n<h1 style=\"text-align: center;\">Contact<\/h1>\n<p>[\/et_pb_text][\/et_pb_column][\/et_pb_row][et_pb_row make_fullwidth=\u00a0\u00bbon\u00a0\u00bb custom_padding=\u00a0\u00bb0|0px|23.6875px|0px|false|false\u00a0\u00bb admin_label=\u00a0\u00bbSection texte &#8211; Ensemble Broadway Station\u00a0\u00bb _builder_version=\u00a0\u00bb3.19.18&Prime;][et_pb_column type=\u00a0\u00bb3_5&Prime; _builder_version=\u00a0\u00bb3.19.18&Prime;][et_pb_text admin_label=\u00a0\u00bbTexte &#8211; Contenu formulaire contact\u00a0\u00bb _builder_version=\u00a0\u00bb3.20.1&Prime; text_font=\u00a0\u00bb||||||||\u00a0\u00bb text_text_color=\u00a0\u00bb#222222&Prime; link_font=\u00a0\u00bb||||||||\u00a0\u00bb ul_font=\u00a0\u00bb||||||||\u00a0\u00bb ol_font=\u00a0\u00bb||||||||\u00a0\u00bb quote_font=\u00a0\u00bb||||||||\u00a0\u00bb]<\/p>\n<h2><strong>Ensemble Broadway Station<\/strong><\/h2>\n<p style=\"padding-left: 40px;\">Direction artistique, St\u00e9phanie MORALES<\/p>\n<p style=\"padding-left: 40px;\">Tel : +33 6 13 92 91 14<\/p>\n<p style=\"padding-left: 40px;\">Mail : <a href=\"mailto:contact@broadway-station.com\">contact@stephanie-morales.com<\/a><\/p>\n<p style=\"padding-left: 40px;\">Si\u00e8ge Social : Vocal\u00e9na 15E, Rue Bouteille 69001 LYON<\/p>\n<p style=\"padding-left: 40px;\">N\u00b0 Siret\u00a0: 838 469 450 000 12<\/p>\n<hr \/>\n<h2><strong>Devis<\/strong><\/h2>\n<p style=\"padding-left: 40px;\">Vous avez besoin d\u2019une <strong>prestation sur mesure<\/strong>, d\u2019un renseignement, d\u2019un devis ?<\/p>\n<p style=\"padding-left: 40px;\">Nous sommes disponibles pour toute demande concernant des <strong>\u00e9v\u00e9nements publics<\/strong>, <strong>priv\u00e9s et d\u2019entreprise<\/strong>.<\/p>\n<p style=\"padding-left: 40px;\"><strong>Nos tarifs<\/strong> d\u00e9pendent du choix de la <strong>formule choisie<\/strong> (spectacle mis-en-sc\u00e8ne ou programmes concerts), du nombre d&rsquo;artistes, de la dur\u00e9e de la prestation, des besoins techniques, des frais de d\u00e9placement et d&rsquo;h\u00e9bergement.<\/p>\n<p style=\"padding-left: 40px;\">Pour obtenir un devis clair et pr\u00e9cis, indiquez-nous si possible :<\/p>\n<ul>\n<li style=\"list-style-type: none;\">\n<ul>\n<li>la date et les horaires de l\u2019\u00e9v\u00e9nement<\/li>\n<li>l\u2019organisateur de l\u2019\u00e9v\u00e9nement<\/li>\n<li>l\u2019adresse o\u00f9 a lieu l\u2019\u00e9v\u00e9nement<\/li>\n<li>nombre d\u2019invit\u00e9s, la surface \u00e0 couvrir par la sonorisation, en int\u00e9rieur ou ext\u00e9rieur<\/li>\n<li>le type de formation qui vous int\u00e9resse<\/li>\n<\/ul>\n<\/li>\n<\/ul>\n<p style=\"padding-left: 40px;\"><em>Vocalement v\u00f4tre,<\/em><\/p>\n<p>[\/et_pb_text][\/et_pb_column][et_pb_column type=\u00a0\u00bb2_5&Prime; _builder_version=\u00a0\u00bb3.19.18&Prime;][et_pb_contact_form email=\u00a0\u00bbcontact@broadway-station.com\u00a0\u00bb success_message=\u00a0\u00bbMessage envoy\u00e9\u00a0\u00bb submit_button_text=\u00a0\u00bbContactez-nous\u00a0\u00bb _builder_version=\u00a0\u00bb3.19.18&Prime;][et_pb_contact_field field_id=\u00a0\u00bbName\u00a0\u00bb field_title=\u00a0\u00bbPr\u00e9nom Nom\u00a0\u00bb fullwidth_field=\u00a0\u00bbon\u00a0\u00bb _builder_version=\u00a0\u00bb3.19.18&Prime; border_radii=\u00a0\u00bbon||||\u00a0\u00bb button_text_size__hover_enabled=\u00a0\u00bboff\u00a0\u00bb button_one_text_size__hover_enabled=\u00a0\u00bboff\u00a0\u00bb button_two_text_size__hover_enabled=\u00a0\u00bboff\u00a0\u00bb button_text_color__hover_enabled=\u00a0\u00bboff\u00a0\u00bb button_one_text_color__hover_enabled=\u00a0\u00bboff\u00a0\u00bb button_two_text_color__hover_enabled=\u00a0\u00bboff\u00a0\u00bb button_border_width__hover_enabled=\u00a0\u00bboff\u00a0\u00bb button_one_border_width__hover_enabled=\u00a0\u00bboff\u00a0\u00bb button_two_border_width__hover_enabled=\u00a0\u00bboff\u00a0\u00bb button_border_color__hover_enabled=\u00a0\u00bboff\u00a0\u00bb button_one_border_color__hover_enabled=\u00a0\u00bboff\u00a0\u00bb button_two_border_color__hover_enabled=\u00a0\u00bboff\u00a0\u00bb button_border_radius__hover_enabled=\u00a0\u00bboff\u00a0\u00bb button_one_border_radius__hover_enabled=\u00a0\u00bboff\u00a0\u00bb button_two_border_radius__hover_enabled=\u00a0\u00bboff\u00a0\u00bb button_letter_spacing__hover_enabled=\u00a0\u00bboff\u00a0\u00bb button_one_letter_spacing__hover_enabled=\u00a0\u00bboff\u00a0\u00bb button_two_letter_spacing__hover_enabled=\u00a0\u00bboff\u00a0\u00bb button_bg_color__hover_enabled=\u00a0\u00bboff\u00a0\u00bb button_one_bg_color__hover_enabled=\u00a0\u00bboff\u00a0\u00bb button_two_bg_color__hover_enabled=\u00a0\u00bboff\u00a0\u00bb][\/et_pb_contact_field][et_pb_contact_field field_id=\u00a0\u00bbEmail\u00a0\u00bb field_title=\u00a0\u00bbAdresse e-mail\u00a0\u00bb field_type=\u00a0\u00bbemail\u00a0\u00bb _builder_version=\u00a0\u00bb3.16&Prime; border_radii=\u00a0\u00bbon||||\u00a0\u00bb button_text_size__hover_enabled=\u00a0\u00bboff\u00a0\u00bb button_one_text_size__hover_enabled=\u00a0\u00bboff\u00a0\u00bb button_two_text_size__hover_enabled=\u00a0\u00bboff\u00a0\u00bb button_text_color__hover_enabled=\u00a0\u00bboff\u00a0\u00bb button_one_text_color__hover_enabled=\u00a0\u00bboff\u00a0\u00bb button_two_text_color__hover_enabled=\u00a0\u00bboff\u00a0\u00bb button_border_width__hover_enabled=\u00a0\u00bboff\u00a0\u00bb button_one_border_width__hover_enabled=\u00a0\u00bboff\u00a0\u00bb button_two_border_width__hover_enabled=\u00a0\u00bboff\u00a0\u00bb button_border_color__hover_enabled=\u00a0\u00bboff\u00a0\u00bb button_one_border_color__hover_enabled=\u00a0\u00bboff\u00a0\u00bb button_two_border_color__hover_enabled=\u00a0\u00bboff\u00a0\u00bb button_border_radius__hover_enabled=\u00a0\u00bboff\u00a0\u00bb button_one_border_radius__hover_enabled=\u00a0\u00bboff\u00a0\u00bb button_two_border_radius__hover_enabled=\u00a0\u00bboff\u00a0\u00bb button_letter_spacing__hover_enabled=\u00a0\u00bboff\u00a0\u00bb button_one_letter_spacing__hover_enabled=\u00a0\u00bboff\u00a0\u00bb button_two_letter_spacing__hover_enabled=\u00a0\u00bboff\u00a0\u00bb button_bg_color__hover_enabled=\u00a0\u00bboff\u00a0\u00bb button_one_bg_color__hover_enabled=\u00a0\u00bboff\u00a0\u00bb button_two_bg_color__hover_enabled=\u00a0\u00bboff\u00a0\u00bb][\/et_pb_contact_field][et_pb_contact_field field_id=\u00a0\u00bbphone\u00a0\u00bb field_title=\u00a0\u00bbT\u00e9l\u00e9phone\u00a0\u00bb _builder_version=\u00a0\u00bb3.19.18&Prime;][\/et_pb_contact_field][et_pb_contact_field field_id=\u00a0\u00bbSubject\u00a0\u00bb field_title=\u00a0\u00bbSujet\u00a0\u00bb fullwidth_field=\u00a0\u00bbon\u00a0\u00bb _builder_version=\u00a0\u00bb3.19.18&Prime;][\/et_pb_contact_field][et_pb_contact_field field_id=\u00a0\u00bbMessage\u00a0\u00bb field_title=\u00a0\u00bbMessage\u00a0\u00bb field_type=\u00a0\u00bbtext\u00a0\u00bb fullwidth_field=\u00a0\u00bbon\u00a0\u00bb _builder_version=\u00a0\u00bb3.16&Prime; border_radii=\u00a0\u00bbon||||\u00a0\u00bb button_text_size__hover_enabled=\u00a0\u00bboff\u00a0\u00bb button_one_text_size__hover_enabled=\u00a0\u00bboff\u00a0\u00bb button_two_text_size__hover_enabled=\u00a0\u00bboff\u00a0\u00bb button_text_color__hover_enabled=\u00a0\u00bboff\u00a0\u00bb button_one_text_color__hover_enabled=\u00a0\u00bboff\u00a0\u00bb button_two_text_color__hover_enabled=\u00a0\u00bboff\u00a0\u00bb button_border_width__hover_enabled=\u00a0\u00bboff\u00a0\u00bb button_one_border_width__hover_enabled=\u00a0\u00bboff\u00a0\u00bb button_two_border_width__hover_enabled=\u00a0\u00bboff\u00a0\u00bb button_border_color__hover_enabled=\u00a0\u00bboff\u00a0\u00bb button_one_border_color__hover_enabled=\u00a0\u00bboff\u00a0\u00bb button_two_border_color__hover_enabled=\u00a0\u00bboff\u00a0\u00bb button_border_radius__hover_enabled=\u00a0\u00bboff\u00a0\u00bb button_one_border_radius__hover_enabled=\u00a0\u00bboff\u00a0\u00bb button_two_border_radius__hover_enabled=\u00a0\u00bboff\u00a0\u00bb button_letter_spacing__hover_enabled=\u00a0\u00bboff\u00a0\u00bb button_one_letter_spacing__hover_enabled=\u00a0\u00bboff\u00a0\u00bb button_two_letter_spacing__hover_enabled=\u00a0\u00bboff\u00a0\u00bb button_bg_color__hover_enabled=\u00a0\u00bboff\u00a0\u00bb button_one_bg_color__hover_enabled=\u00a0\u00bboff\u00a0\u00bb button_two_bg_color__hover_enabled=\u00a0\u00bboff\u00a0\u00bb][\/et_pb_contact_field][\/et_pb_contact_form][\/et_pb_column][\/et_pb_row][\/et_pb_section][et_pb_section fb_built=\u00a0\u00bb1&Prime; admin_label=\u00a0\u00bbBloc Footer\u00a0\u00bb module_class=\u00a0\u00bbfooter\u00a0\u00bb _builder_version=\u00a0\u00bb3.19.18&Prime; background_color=\u00a0\u00bb#222222&Prime; custom_padding=\u00a0\u00bb30px|0px|30px|0px|false|false\u00a0\u00bb global_module=\u00a0\u00bb733&Prime; saved_tabs=\u00a0\u00bball\u00a0\u00bb][et_pb_row make_fullwidth=\u00a0\u00bbon\u00a0\u00bb use_custom_gutter=\u00a0\u00bbon\u00a0\u00bb gutter_width=\u00a0\u00bb1&Prime; custom_padding=\u00a0\u00bb0px|50px|0px|50px|false|false\u00a0\u00bb module_class_2=\u00a0\u00bbmid_column\u00a0\u00bb module_class_3=\u00a0\u00bbright_column\u00a0\u00bb admin_label=\u00a0\u00bbFooter\u00a0\u00bb _builder_version=\u00a0\u00bb3.19.18&Prime; custom_css_main_element=\u00a0\u00bbdisplay:flex\u00a0\u00bb][et_pb_column type=\u00a0\u00bb1_4&Prime; _builder_version=\u00a0\u00bb3.19.13&Prime;][et_pb_text admin_label=\u00a0\u00bbNavigation &#8211; Home\u00a0\u00bb _builder_version=\u00a0\u00bb3.20.1&Prime; text_font=\u00a0\u00bb||||||||\u00a0\u00bb header_font=\u00a0\u00bb||||||||\u00a0\u00bb text_orientation=\u00a0\u00bbcenter\u00a0\u00bb link_option_url=\u00a0\u00bbhttps:\/\/broadway-station.com\/\u00a0\u00bb]<\/p>\n<p>Accueil<\/p>\n<p>[\/et_pb_text][et_pb_text admin_label=\u00a0\u00bbNavigation &#8211; Broadway Station\u00a0\u00bb _builder_version=\u00a0\u00bb3.20.1&Prime; text_font=\u00a0\u00bb||||||||\u00a0\u00bb header_font=\u00a0\u00bb||||||||\u00a0\u00bb header_text_align=\u00a0\u00bbcenter\u00a0\u00bb text_orientation=\u00a0\u00bbcenter\u00a0\u00bb link_option_url=\u00a0\u00bbhttps:\/\/broadway-station.com\/broadway-station\/\u00a0\u00bb]<\/p>\n<p>Broadway Station<\/p>\n<p>[\/et_pb_text][et_pb_text admin_label=\u00a0\u00bbNavigation &#8211; Our \u00a0\u00bb _builder_version=\u00a0\u00bb3.20.1&Prime; text_font=\u00a0\u00bb||||||||\u00a0\u00bb text_orientation=\u00a0\u00bbcenter\u00a0\u00bb link_option_url=\u00a0\u00bbhttps:\/\/broadway-station.com\/so-streisand-so-sinatra\/\u00a0\u00bb]<\/p>\n<p>Notre spectacle<\/p>\n<p>[\/et_pb_text][et_pb_text admin_label=\u00a0\u00bbNavigation &#8211; Concert\u00a0\u00bb module_class=\u00a0\u00bblien_menu\u00a0\u00bb _builder_version=\u00a0\u00bb3.20.1&Prime; text_font=\u00a0\u00bb||||||||\u00a0\u00bb text_text_color=\u00a0\u00bb#666666&Prime; text_orientation=\u00a0\u00bbcenter\u00a0\u00bb custom_margin=\u00a0\u00bb0px||0px||false\u00a0\u00bb custom_css_main_element=\u00a0\u00bbcolor: #222222;||white-space:nowrap;\u00a0\u00bb]<\/p>\n<p><a href=\"https:\/\/broadway-station.com\/tribute-to-barbra-streisand\/\">Tribute<\/a> &#8211; <a href=\"https:\/\/broadway-station.com\/so-jazz\/\">So Jazz<\/a> &#8211; <a href=\"https:\/\/broadway-station.com\/so-in-love\/\">So In Love<\/a> &#8211; <a href=\"https:\/\/broadway-station.com\/repertoire\/\">R\u00e9pertoire<\/a><\/p>\n<p>[\/et_pb_text][et_pb_text admin_label=\u00a0\u00bbNavigation &#8211; Medias\u00a0\u00bb module_class=\u00a0\u00bblien_menu\u00a0\u00bb _builder_version=\u00a0\u00bb3.20.1&Prime; text_font=\u00a0\u00bb||||||||\u00a0\u00bb text_text_color=\u00a0\u00bb#666&Prime; text_orientation=\u00a0\u00bbcenter\u00a0\u00bb custom_css_main_element=\u00a0\u00bbwhite-space:nowrap;\u00a0\u00bb]<\/p>\n<p><a href=\"https:\/\/broadway-station.com\/albums\/\">Albums<\/a> &#8211; <a href=\"https:\/\/broadway-station.com\/musiques\/\">Music<\/a> &#8211; <a href=\"https:\/\/broadway-station.com\/videos\/\">Videos<\/a><\/p>\n<p>[\/et_pb_text][et_pb_text admin_label=\u00a0\u00bbNavigation &#8211; Contact\u00a0\u00bb _builder_version=\u00a0\u00bb3.19.18&Prime; text_font=\u00a0\u00bb||||||||\u00a0\u00bb text_orientation=\u00a0\u00bbcenter\u00a0\u00bb link_option_url=\u00a0\u00bbhttps:\/\/broadway-station.com\/contact\/\u00a0\u00bb]<\/p>\n<p>Contact<\/p>\n<p>[\/et_pb_text][\/et_pb_column][et_pb_column type=\u00a0\u00bb1_4&Prime; _builder_version=\u00a0\u00bb3.19.13&Prime;][et_pb_image src=\u00a0\u00bbhttps:\/\/broadway-station.com\/wp-content\/uploads\/2019\/03\/facebook.png\u00a0\u00bb alt=\u00a0\u00bbFacebook\u00a0\u00bb title_text=\u00a0\u00bbFacebook\u00a0\u00bb url=\u00a0\u00bbhttps:\/\/www.facebook.com\/broadwaystationjazz\/\u00a0\u00bb align=\u00a0\u00bbcenter\u00a0\u00bb admin_label=\u00a0\u00bbImage &#8211; RS &#8211; Facebook\u00a0\u00bb _builder_version=\u00a0\u00bb3.20.1&Prime; max_width=\u00a0\u00bb10%\u00a0\u00bb custom_margin=\u00a0\u00bb10px||10px||true\u00a0\u00bb][\/et_pb_image][et_pb_image src=\u00a0\u00bbhttps:\/\/broadway-station.com\/wp-content\/uploads\/2019\/02\/youtube-1.png\u00a0\u00bb alt=\u00a0\u00bbyoutube\u00a0\u00bb title_text=\u00a0\u00bbyoutube\u00a0\u00bb url=\u00a0\u00bbhttps:\/\/www.youtube.com\/channel\/UCf41ARpOROv3JC9edfKSf6g\u00a0\u00bb align=\u00a0\u00bbcenter\u00a0\u00bb admin_label=\u00a0\u00bbImage &#8211; RS &#8211; Youtube\u00a0\u00bb _builder_version=\u00a0\u00bb3.19.18&Prime; max_width=\u00a0\u00bb10%\u00a0\u00bb][\/et_pb_image][et_pb_image src=\u00a0\u00bbhttps:\/\/broadway-station.com\/wp-content\/uploads\/2019\/02\/soundcloud.png\u00a0\u00bb alt=\u00a0\u00bbsoundcloud\u00a0\u00bb title_text=\u00a0\u00bbsoundcloud\u00a0\u00bb url=\u00a0\u00bbhttps:\/\/soundcloud.com\/user-719868135&Prime; align=\u00a0\u00bbcenter\u00a0\u00bb admin_label=\u00a0\u00bbImage &#8211; RS &#8211; Soundcloud\u00a0\u00bb _builder_version=\u00a0\u00bb3.19.18&Prime; max_width=\u00a0\u00bb10%\u00a0\u00bb][\/et_pb_image][et_pb_image src=\u00a0\u00bbhttps:\/\/broadway-station.com\/wp-content\/uploads\/2019\/02\/instagram-1.png\u00a0\u00bb alt=\u00a0\u00bbinstagram\u00a0\u00bb title_text=\u00a0\u00bbinstagram\u00a0\u00bb url=\u00a0\u00bbhttps:\/\/www.instagram.com\/broadway_station\/\u00a0\u00bb align=\u00a0\u00bbcenter\u00a0\u00bb admin_label=\u00a0\u00bbImage &#8211; RS &#8211; instagram\u00a0\u00bb _builder_version=\u00a0\u00bb3.19.18&Prime; max_width=\u00a0\u00bb10%\u00a0\u00bb][\/et_pb_image][\/et_pb_column][et_pb_column type=\u00a0\u00bb1_4&Prime; _builder_version=\u00a0\u00bb3.19.13&Prime;][et_pb_text admin_label=\u00a0\u00bbTexte &#8211; Bloc contact\u00a0\u00bb _builder_version=\u00a0\u00bb3.21&Prime; text_font=\u00a0\u00bb||||||||\u00a0\u00bb text_text_color=\u00a0\u00bb#dd4b12&Prime; text_line_height=\u00a0\u00bb0.5em\u00a0\u00bb header_font=\u00a0\u00bb||||||||\u00a0\u00bb custom_margin=\u00a0\u00bb10px||10px||true\u00a0\u00bb custom_css_main_element=\u00a0\u00bbmargin:auto;||white-space:nowrap;\u00a0\u00bb]<\/p>\n<p style=\"text-align: left;\">Contact<\/p>\n<p>Ensemble Broadway Station<\/p>\n<p>Phone : +33 6 13 92 91 14<\/p>\n<p>Mail : contact@stephanie-morales.com<span style=\"font-size: 12px;\">\u00a0<\/span><\/p>\n<p>[\/et_pb_text][\/et_pb_column][et_pb_column type=\u00a0\u00bb1_4&Prime; _builder_version=\u00a0\u00bb3.19.13&Prime;][et_pb_image src=\u00a0\u00bbhttps:\/\/broadway-station.com\/wp-content\/uploads\/2019\/02\/logo-version-blanche.png\u00a0\u00bb alt=\u00a0\u00bbLogo version Blanche\u00a0\u00bb title_text=\u00a0\u00bbLogo version Blanche\u00a0\u00bb admin_label=\u00a0\u00bbImage &#8211; Logo\u00a0\u00bb _builder_version=\u00a0\u00bb3.20.1&Prime; max_width=\u00a0\u00bb75%\u00a0\u00bb module_alignment=\u00a0\u00bbcenter\u00a0\u00bb custom_margin=\u00a0\u00bb10px||10px||true\u00a0\u00bb][\/et_pb_image][\/et_pb_column][\/et_pb_row][\/et_pb_section]<\/p>\n","protected":false},"excerpt":{"rendered":"<p>ContactEnsemble Broadway Station Direction artistique, St\u00e9phanie MORALES Tel : +33 6 13 92 91 14 Mail : contact@stephanie-morales.com Si\u00e8ge Social : Vocal\u00e9na 15E, Rue Bouteille 69001 LYON N\u00b0 Siret\u00a0: 838 469 450 000 12 Devis Vous avez besoin d\u2019une prestation sur mesure, d\u2019un renseignement, d\u2019un devis ? Nous sommes disponibles pour toute demande concernant des [&hellip;]<\/p>\n","protected":false},"author":1,"featured_media":0,"parent":0,"menu_order":0,"comment_status":"closed","ping_status":"closed","template":"","meta":{"_et_pb_use_builder":"on","_et_pb_old_content":"","_et_gb_content_width":"","footnotes":""},"class_list":["post-144","page","type-page","status-publish","hentry"],"yoast_head":"<!-- This site is optimized with the Yoast SEO plugin v26.8 - https:\/\/yoast.com\/product\/yoast-seo-wordpress\/ -->\n<title>Contact - Broadway Station : Groupe de jazz Lyonnais<\/title>\n<meta name=\"description\" content=\"Retrouvez le contact et les diff\u00e9rentes informations du groupe Broadway Station ainsi que les devis pour chacune des prestations propos\u00e9es le groupe.\" \/>\n<meta name=\"robots\" content=\"index, follow, max-snippet:-1, max-image-preview:large, max-video-preview:-1\" \/>\n<link rel=\"canonical\" href=\"https:\/\/broadway-station.com\/?page_id=144\" \/>\n<meta property=\"og:locale\" content=\"fr_FR\" \/>\n<meta property=\"og:type\" content=\"article\" \/>\n<meta property=\"og:title\" content=\"Contact - Broadway Station : Groupe de jazz Lyonnais\" \/>\n<meta property=\"og:description\" content=\"Retrouvez le contact et les diff\u00e9rentes informations du groupe Broadway Station ainsi que les devis pour chacune des prestations propos\u00e9es le groupe.\" \/>\n<meta property=\"og:url\" content=\"https:\/\/broadway-station.com\/?page_id=144\" \/>\n<meta property=\"og:site_name\" content=\"Broadway Station\" \/>\n<meta property=\"article:publisher\" content=\"https:\/\/www.facebook.com\/broadwaystationjazz\/\" \/>\n<meta property=\"article:modified_time\" content=\"2019-03-17T12:12:20+00:00\" \/>\n<meta name=\"twitter:card\" content=\"summary_large_image\" \/>\n<meta name=\"twitter:label1\" content=\"Dur\u00e9e de lecture estim\u00e9e\" \/>\n\t<meta name=\"twitter:data1\" content=\"7 minutes\" \/>\n<script type=\"application\/ld+json\" class=\"yoast-schema-graph\">{\"@context\":\"https:\/\/schema.org\",\"@graph\":[{\"@type\":\"WebPage\",\"@id\":\"https:\/\/broadway-station.com\/?page_id=144\",\"url\":\"https:\/\/broadway-station.com\/?page_id=144\",\"name\":\"Contact - Broadway Station : Groupe de jazz Lyonnais\",\"isPartOf\":{\"@id\":\"https:\/\/broadway-station.com\/#website\"},\"datePublished\":\"2019-02-03T23:22:13+00:00\",\"dateModified\":\"2019-03-17T12:12:20+00:00\",\"description\":\"Retrouvez le contact et les diff\u00e9rentes informations du groupe Broadway Station ainsi que les devis pour chacune des prestations propos\u00e9es le groupe.\",\"breadcrumb\":{\"@id\":\"https:\/\/broadway-station.com\/?page_id=144#breadcrumb\"},\"inLanguage\":\"fr-FR\",\"potentialAction\":[{\"@type\":\"ReadAction\",\"target\":[\"https:\/\/broadway-station.com\/?page_id=144\"]}]},{\"@type\":\"BreadcrumbList\",\"@id\":\"https:\/\/broadway-station.com\/?page_id=144#breadcrumb\",\"itemListElement\":[{\"@type\":\"ListItem\",\"position\":1,\"name\":\"Accueil\",\"item\":\"https:\/\/broadway-station.com\/\"},{\"@type\":\"ListItem\",\"position\":2,\"name\":\"Contact\"}]},{\"@type\":\"WebSite\",\"@id\":\"https:\/\/broadway-station.com\/#website\",\"url\":\"https:\/\/broadway-station.com\/\",\"name\":\"Broadway Station\",\"description\":\"\",\"potentialAction\":[{\"@type\":\"SearchAction\",\"target\":{\"@type\":\"EntryPoint\",\"urlTemplate\":\"https:\/\/broadway-station.com\/?s={search_term_string}\"},\"query-input\":{\"@type\":\"PropertyValueSpecification\",\"valueRequired\":true,\"valueName\":\"search_term_string\"}}],\"inLanguage\":\"fr-FR\"}]}<\/script>\n<!-- \/ Yoast SEO plugin. -->","yoast_head_json":{"title":"Contact - Broadway Station : Groupe de jazz Lyonnais","description":"Retrouvez le contact et les diff\u00e9rentes informations du groupe Broadway Station ainsi que les devis pour chacune des prestations propos\u00e9es le groupe.","robots":{"index":"index","follow":"follow","max-snippet":"max-snippet:-1","max-image-preview":"max-image-preview:large","max-video-preview":"max-video-preview:-1"},"canonical":"https:\/\/broadway-station.com\/?page_id=144","og_locale":"fr_FR","og_type":"article","og_title":"Contact - Broadway Station : Groupe de jazz Lyonnais","og_description":"Retrouvez le contact et les diff\u00e9rentes informations du groupe Broadway Station ainsi que les devis pour chacune des prestations propos\u00e9es le groupe.","og_url":"https:\/\/broadway-station.com\/?page_id=144","og_site_name":"Broadway Station","article_publisher":"https:\/\/www.facebook.com\/broadwaystationjazz\/","article_modified_time":"2019-03-17T12:12:20+00:00","twitter_card":"summary_large_image","twitter_misc":{"Dur\u00e9e de lecture estim\u00e9e":"7 minutes"},"schema":{"@context":"https:\/\/schema.org","@graph":[{"@type":"WebPage","@id":"https:\/\/broadway-station.com\/?page_id=144","url":"https:\/\/broadway-station.com\/?page_id=144","name":"Contact - Broadway Station : Groupe de jazz Lyonnais","isPartOf":{"@id":"https:\/\/broadway-station.com\/#website"},"datePublished":"2019-02-03T23:22:13+00:00","dateModified":"2019-03-17T12:12:20+00:00","description":"Retrouvez le contact et les diff\u00e9rentes informations du groupe Broadway Station ainsi que les devis pour chacune des prestations propos\u00e9es le groupe.","breadcrumb":{"@id":"https:\/\/broadway-station.com\/?page_id=144#breadcrumb"},"inLanguage":"fr-FR","potentialAction":[{"@type":"ReadAction","target":["https:\/\/broadway-station.com\/?page_id=144"]}]},{"@type":"BreadcrumbList","@id":"https:\/\/broadway-station.com\/?page_id=144#breadcrumb","itemListElement":[{"@type":"ListItem","position":1,"name":"Accueil","item":"https:\/\/broadway-station.com\/"},{"@type":"ListItem","position":2,"name":"Contact"}]},{"@type":"WebSite","@id":"https:\/\/broadway-station.com\/#website","url":"https:\/\/broadway-station.com\/","name":"Broadway Station","description":"","potentialAction":[{"@type":"SearchAction","target":{"@type":"EntryPoint","urlTemplate":"https:\/\/broadway-station.com\/?s={search_term_string}"},"query-input":{"@type":"PropertyValueSpecification","valueRequired":true,"valueName":"search_term_string"}}],"inLanguage":"fr-FR"}]}},"_links":{"self":[{"href":"https:\/\/broadway-station.com\/index.php?rest_route=\/wp\/v2\/pages\/144","targetHints":{"allow":["GET"]}}],"collection":[{"href":"https:\/\/broadway-station.com\/index.php?rest_route=\/wp\/v2\/pages"}],"about":[{"href":"https:\/\/broadway-station.com\/index.php?rest_route=\/wp\/v2\/types\/page"}],"author":[{"embeddable":true,"href":"https:\/\/broadway-station.com\/index.php?rest_route=\/wp\/v2\/users\/1"}],"replies":[{"embeddable":true,"href":"https:\/\/broadway-station.com\/index.php?rest_route=%2Fwp%2Fv2%2Fcomments&post=144"}],"version-history":[{"count":8,"href":"https:\/\/broadway-station.com\/index.php?rest_route=\/wp\/v2\/pages\/144\/revisions"}],"predecessor-version":[{"id":2569,"href":"https:\/\/broadway-station.com\/index.php?rest_route=\/wp\/v2\/pages\/144\/revisions\/2569"}],"wp:attachment":[{"href":"https:\/\/broadway-station.com\/index.php?rest_route=%2Fwp%2Fv2%2Fmedia&parent=144"}],"curies":[{"name":"wp","href":"https:\/\/api.w.org\/{rel}","templated":true}]}}